{"id":277,"date":"2021-04-15T00:31:21","date_gmt":"2021-04-14T22:31:21","guid":{"rendered":"https:\/\/cidcmoffaaafr.wordpress.com\/?page_id=277"},"modified":"2025-11-25T16:37:32","modified_gmt":"2025-11-25T15:37:32","slug":"aikido","status":"publish","type":"page","link":"https:\/\/cid-cmo-ffaaa.fr\/?page_id=277","title":{"rendered":"A\u00cfKIDO"},"content":{"rendered":"\n<div class=\"wp-block-columns\">\n<div class=\"wp-block-column is-vertically-aligned-center\" style=\"flex-basis:100%\">\n<div style=\"height:32px\" aria-hidden=\"true\" class=\"wp-block-spacer\"><\/div>\n\n\n\n<div class=\"wp-block-columns\">\n<div class=\"wp-block-column\" style=\"flex-basis:100%\">\n<div class=\"wp-block-image\"><figure class=\"alignright size-large\"><img loading=\"lazy\" width=\"270\" height=\"368\" src=\"https:\/\/cid-cmo-ffaaa.fr\/wp-content\/uploads\/2021\/04\/morihei_ueshiba_portrait.jpg?w=270\" alt=\"\" class=\"wp-image-309\" srcset=\"https:\/\/cid-cmo-ffaaa.fr\/wp-content\/uploads\/2021\/04\/morihei_ueshiba_portrait.jpg 270w, https:\/\/cid-cmo-ffaaa.fr\/wp-content\/uploads\/2021\/04\/morihei_ueshiba_portrait-220x300.jpg 220w\" sizes=\"(max-width: 270px) 100vw, 270px\" \/><\/figure><\/div>\n\n\n\n<div class=\"wp-block-image\"><figure class=\"alignleft size-thumbnail\"><img loading=\"lazy\" width=\"290\" height=\"400\" src=\"https:\/\/cid-cmo-ffaaa.fr\/wp-content\/uploads\/2021\/04\/aikido.jpg?w=109\" alt=\"\" class=\"wp-image-376\" srcset=\"https:\/\/cid-cmo-ffaaa.fr\/wp-content\/uploads\/2021\/04\/aikido.jpg 290w, https:\/\/cid-cmo-ffaaa.fr\/wp-content\/uploads\/2021\/04\/aikido-218x300.jpg 218w\" sizes=\"(max-width: 290px) 100vw, 290px\" \/><\/figure><\/div>\n<\/div>\n<\/div>\n<\/div>\n<\/div>\n\n\n\n<div class=\"wp-block-columns are-vertically-aligned-center\">\n<div class=\"wp-block-column is-vertically-aligned-center\">\n<figure class=\"wp-block-embed is-type-video is-provider-youtube wp-block-embed-youtube wp-embed-aspect-16-9 wp-has-aspect-ratio\"><div class=\"wp-block-embed__wrapper\">\n<iframe loading=\"lazy\" title=\"A\u00efkido Clubs du Calvados\" width=\"640\" height=\"360\" src=\"https:\/\/www.youtube.com\/embed\/2R4uKJojMak?feature=oembed\" frameborder=\"0\" allow=\"accelerometer; autoplay; clipboard-write; encrypted-media; gyroscope; picture-in-picture; web-share\" referrerpolicy=\"strict-origin-when-cross-origin\" allowfullscreen><\/iframe>\n<\/div><\/figure>\n<\/div>\n<\/div>\n\n\n\n<h2>Retrouvez nos clubs d&#8217;A\u00cfKIDO<\/h2>\n\n\n\n<p><strong><span style=\"text-decoration:underline;\">Dans le Calvados :<\/span><\/strong><\/p>\n\n\n\n<ul><li>A\u00efkiclub H\u00e9rouville &#8211; Gymnase LAPORTE, &nbsp;Bd du grand Parc, Quartier Savary &#8211; 14200 &#8211; HEROUVILLE SAINT CLAIR<\/li><li>A\u00efkido Centre La Prairie &#8211; 135 Rue de Bayeux &#8211; 14000 CAEN<\/li><li>La Butte 2000 &#8211; Section A\u00efkido &#8211; 35 Rue Robillard -14000 CAEN<\/li><li>A\u00efkidojo Thue &amp; Mue &#8211; Gymnase intercommunal- Rue de l&#8217;Eglise &#8211; 14740 &#8211; ST MANVIEU NORREY<\/li><\/ul>\n\n\n\n<p><span style=\"text-decoration:underline;\"><strong>Dans l&#8217;Orne :<\/strong><\/span><\/p>\n\n\n\n<ul><li><\/li><\/ul>\n\n\n\n<p><strong><span style=\"text-decoration:underline;\">Dans la Manche :<\/span><\/strong><\/p>\n\n\n\n<ul><li>\/<\/li><\/ul>\n\n\n\n<p><\/p>\n","protected":false},"excerpt":{"rendered":"<p>Retrouvez nos clubs d&#8217;A\u00cfKIDO Dans le Calvados : A\u00efkiclub H\u00e9rouville &#8211; Gymnase LAPORTE, &nbsp;Bd du grand Parc, Quartier Savary &#8211; 14200 &#8211; HEROUVILLE SAINT CLAIR A\u00efkido Centre La Prairie &#8211; 135 Rue de Bayeux &#8211; 14000 CAEN La Butte 2000 &#8211; Section A\u00efkido &#8211; 35 Rue Robillard -14000 CAEN A\u00efkidojo Thue &amp; Mue &#8211; Gymnase [&hellip;]<\/p>\n","protected":false},"author":2,"featured_media":0,"parent":0,"menu_order":0,"comment_status":"closed","ping_status":"closed","template":"","meta":[],"_links":{"self":[{"href":"https:\/\/cid-cmo-ffaaa.fr\/index.php?rest_route=\/wp\/v2\/pages\/277"}],"collection":[{"href":"https:\/\/cid-cmo-ffaaa.fr\/index.php?rest_route=\/wp\/v2\/pages"}],"about":[{"href":"https:\/\/cid-cmo-ffaaa.fr\/index.php?rest_route=\/wp\/v2\/types\/page"}],"author":[{"embeddable":true,"href":"https:\/\/cid-cmo-ffaaa.fr\/index.php?rest_route=\/wp\/v2\/users\/2"}],"replies":[{"embeddable":true,"href":"https:\/\/cid-cmo-ffaaa.fr\/index.php?rest_route=%2Fwp%2Fv2%2Fcomments&post=277"}],"version-history":[{"count":7,"href":"https:\/\/cid-cmo-ffaaa.fr\/index.php?rest_route=\/wp\/v2\/pages\/277\/revisions"}],"predecessor-version":[{"id":926,"href":"https:\/\/cid-cmo-ffaaa.fr\/index.php?rest_route=\/wp\/v2\/pages\/277\/revisions\/926"}],"wp:attachment":[{"href":"https:\/\/cid-cmo-ffaaa.fr\/index.php?rest_route=%2Fwp%2Fv2%2Fmedia&parent=277"}],"curies":[{"name":"wp","href":"https:\/\/api.w.org\/{rel}","templated":true}]}}